{"id":69,"date":"2025-11-13T10:57:05","date_gmt":"2025-11-13T10:57:05","guid":{"rendered":"http:\/\/nutribrille.fr\/?page_id=69"},"modified":"2026-01-31T16:16:37","modified_gmt":"2026-01-31T16:16:37","slug":"about-us","status":"publish","type":"page","link":"https:\/\/nutribrille.fr\/?page_id=69","title":{"rendered":"Les Groupes"},"content":{"rendered":"\t\t<div data-elementor-type=\"wp-page\" data-elementor-id=\"69\" class=\"elementor elementor-69\">\n\t\t\t\t<div class=\"elementor-element elementor-element-19ef1803 e-con-full e-flex e-con e-parent\" data-id=\"19ef1803\" data-element_type=\"container\" data-e-type=\"container\">\n\t\t<div class=\"elementor-element elementor-element-1324e3b6 e-con-full e-flex e-con e-child\" data-id=\"1324e3b6\" data-element_type=\"container\" data-e-type=\"container\">\n\t\t<div class=\"elementor-element elementor-element-1cadb05f e-con-full e-flex e-con e-child\" data-id=\"1cadb05f\" data-element_type=\"container\" data-e-type=\"container\">\n\t\t\t\t<div class=\"elementor-element elementor-element-30fbb45e elementor-widget elementor-widget-heading\" data-id=\"30fbb45e\" data-element_type=\"widget\" data-e-type=\"widget\" data-widget_type=\"heading.default\">\n\t\t\t\t\t<h1 class=\"elementor-heading-title elementor-size-default\">Les Groupes nutri'brille <\/h1>\t\t\t\t<\/div>\n\t\t\t\t<div class=\"elementor-element elementor-element-1a58cb49 elementor-widget__width-initial elementor-invisible elementor-widget elementor-widget-text-editor\" data-id=\"1a58cb49\" data-element_type=\"widget\" data-e-type=\"widget\" data-settings=\"{&quot;_animation&quot;:&quot;fadeInDown&quot;}\" data-widget_type=\"text-editor.default\">\n\t\t\t\t\t\t\t\t\t<p>Chez <strong data-start=\"422\" data-end=\"438\">Nutri\u2019Brille<\/strong>, nous croyons que le mieux-\u00eatre se vit aussi en communaut\u00e9.<br data-start=\"498\" data-end=\"501\" \/>Nos groupes offrent un espace bienveillant pour <strong data-start=\"549\" data-end=\"600\">lib\u00e9rer, partager, c\u00e9l\u00e9brer et avancer ensemble<\/strong>, loin des r\u00e9gimes et de la culpabilit\u00e9.<br data-start=\"640\" data-end=\"643\" \/>D\u00e9couvrez nos deux espaces d\u00e9di\u00e9s aux femmes : <strong data-start=\"690\" data-end=\"711\">Le Poids des Mots<\/strong> et <strong data-start=\"715\" data-end=\"733\">Les Brillantes<\/strong>.<\/p>\t\t\t\t\t\t\t\t<\/div>\n\t\t\t\t<\/div>\n\t\t\t\t<div class=\"elementor-element elementor-element-1ceac7c0 elementor-invisible elementor-widget elementor-widget-heading\" data-id=\"1ceac7c0\" data-element_type=\"widget\" data-e-type=\"widget\" data-settings=\"{&quot;_animation&quot;:&quot;fadeInUp&quot;}\" data-widget_type=\"heading.default\">\n\t\t\t\t\t<span class=\"elementor-heading-title elementor-size-default\">nutri'brille<\/span>\t\t\t\t<\/div>\n\t\t\t\t<\/div>\n\t\t<div class=\"elementor-element elementor-element-3d423c1b e-con-full e-flex e-con e-child\" data-id=\"3d423c1b\" data-element_type=\"container\" data-e-type=\"container\" data-settings=\"{&quot;background_background&quot;:&quot;classic&quot;}\">\n\t\t\t\t<\/div>\n\t\t\t\t<\/div>\n\t\t<div class=\"elementor-element elementor-element-6d796fa4 e-con-full e-flex e-con e-parent\" data-id=\"6d796fa4\" data-element_type=\"container\" data-e-type=\"container\">\n\t\t<div class=\"elementor-element elementor-element-120bfebc e-con-full e-flex e-con e-child\" data-id=\"120bfebc\" data-element_type=\"container\" data-e-type=\"container\" data-settings=\"{&quot;background_background&quot;:&quot;classic&quot;}\">\n\t\t\t\t<\/div>\n\t\t<div class=\"elementor-element elementor-element-358ca1a6 e-con-full e-flex e-con e-child\" data-id=\"358ca1a6\" data-element_type=\"container\" data-e-type=\"container\">\n\t\t\t\t<div class=\"elementor-element elementor-element-f555ea7 elementor-widget elementor-widget-heading\" data-id=\"f555ea7\" data-element_type=\"widget\" data-e-type=\"widget\" data-widget_type=\"heading.default\">\n\t\t\t\t\t<h2 class=\"elementor-heading-title elementor-size-default\">Le poids des mots : lib\u00e9rer ce qui p\u00e8se trop<\/h2>\t\t\t\t<\/div>\n\t\t\t\t<div class=\"elementor-element elementor-element-327116e elementor-widget elementor-widget-menu-anchor\" data-id=\"327116e\" data-element_type=\"widget\" data-e-type=\"widget\" data-widget_type=\"menu-anchor.default\">\n\t\t\t\t\t\t\t<div class=\"elementor-menu-anchor\" id=\"le-poids-des-mots\"><\/div>\n\t\t\t\t\t\t<\/div>\n\t\t\t\t<div class=\"elementor-element elementor-element-65dd65ce elementor-widget elementor-widget-text-editor\" data-id=\"65dd65ce\" data-element_type=\"widget\" data-e-type=\"widget\" data-widget_type=\"text-editor.default\">\n\t\t\t\t\t\t\t\t\t<p data-start=\"855\" data-end=\"989\">Un \u00e9v\u00e9nement pens\u00e9 pour les femmes qui ont besoin de <b><span data-start=\"908\" data-end=\"964\">d\u00e9poser ce qui p\u00e8se \u00e9motionnellement et physiquement<\/span>.<\/b><br data-start=\"965\" data-end=\"968\" \/>Lors de ce cercle :<\/p>\n<ul data-start=\"990\" data-end=\"1139\">\n<li data-start=\"990\" data-end=\"1024\">\n<p data-start=\"992\" data-end=\"1024\">On <span data-start=\"995\" data-end=\"1004\"><b>m\u00e9dit<\/b><\/span> pour se recentrer<\/p>\n<\/li>\n<li data-start=\"1025\" data-end=\"1071\">\n<p data-start=\"1027\" data-end=\"1071\">On <strong data-start=\"1030\" data-end=\"1041\">partage<\/strong> ses \u00e9motions et exp\u00e9riences<\/p>\n<\/li>\n<li data-start=\"1072\" data-end=\"1139\">\n<p data-start=\"1074\" data-end=\"1139\">On se <strong data-start=\"1080\" data-end=\"1090\">r\u00e9v\u00e8le<\/strong> et on <strong data-start=\"1097\" data-end=\"1107\">lib\u00e8re<\/strong> ce qui freine notre bien-\u00eatre<\/p>\n<\/li>\n<\/ul>\n<p data-start=\"1141\" data-end=\"1247\">C\u2019est un <span data-start=\"1150\" data-end=\"1169\"><b>moment suspendu<\/b><\/span>, un espace de confiance pour se reconnecter \u00e0 soi et avancer avec l\u00e9g\u00e8ret\u00e9.<\/p>\t\t\t\t\t\t\t\t<\/div>\n\t\t\t\t<div class=\"elementor-element elementor-element-ca9d1a7 elementor-widget elementor-widget-button\" data-id=\"ca9d1a7\" data-element_type=\"widget\" data-e-type=\"widget\" data-widget_type=\"button.default\">\n\t\t\t\t\t\t\t\t\t\t<a class=\"elementor-button elementor-button-link elementor-size-sm\" href=\"https:\/\/nutribrille.fr\/?page_id=45\/#contact\">\n\t\t\t\t\t\t<span class=\"elementor-button-content-wrapper\">\n\t\t\t\t\t\t\t\t\t<span class=\"elementor-button-text\">Je r\u00e9serve ma place<\/span>\n\t\t\t\t\t<\/span>\n\t\t\t\t\t<\/a>\n\t\t\t\t\t\t\t\t<\/div>\n\t\t\t\t<\/div>\n\t\t\t\t<\/div>\n\t\t<div class=\"elementor-element elementor-element-69340c3b e-flex e-con-boxed e-con e-parent\" data-id=\"69340c3b\" data-element_type=\"container\" data-e-type=\"container\">\n\t\t\t\t\t<div class=\"e-con-inner\">\n\t\t\t\t<div class=\"elementor-element elementor-element-4711d607 elementor-widget-divider--view-line elementor-widget elementor-widget-divider\" data-id=\"4711d607\" data-element_type=\"widget\" data-e-type=\"widget\" data-widget_type=\"divider.default\">\n\t\t\t\t\t\t\t<div class=\"elementor-divider\">\n\t\t\t<span class=\"elementor-divider-separator\">\n\t\t\t\t\t\t<\/span>\n\t\t<\/div>\n\t\t\t\t\t\t<\/div>\n\t\t\t\t<div class=\"elementor-element elementor-element-79477c55 elementor-widget elementor-widget-heading\" data-id=\"79477c55\" data-element_type=\"widget\" data-e-type=\"widget\" data-widget_type=\"heading.default\">\n\t\t\t\t\t<h2 class=\"elementor-heading-title elementor-size-default\">Les Brillantes : avancer ensemble, c\u00e9l\u00e9brer chaque victoire<\/h2>\t\t\t\t<\/div>\n\t\t\t\t<div class=\"elementor-element elementor-element-d384360 elementor-widget elementor-widget-menu-anchor\" data-id=\"d384360\" data-element_type=\"widget\" data-e-type=\"widget\" data-widget_type=\"menu-anchor.default\">\n\t\t\t\t\t\t\t<div class=\"elementor-menu-anchor\" id=\"Les-brillantes\"><\/div>\n\t\t\t\t\t\t<\/div>\n\t\t\t\t<div class=\"elementor-element elementor-element-a4c3e5c elementor-invisible elementor-widget elementor-widget-text-editor\" data-id=\"a4c3e5c\" data-element_type=\"widget\" data-e-type=\"widget\" data-settings=\"{&quot;_animation&quot;:&quot;fadeIn&quot;}\" data-widget_type=\"text-editor.default\">\n\t\t\t\t\t\t\t\t\t<p data-start=\"1571\" data-end=\"1742\">\u201cLes Brillantes\u201d est un <strong data-start=\"1595\" data-end=\"1627\">groupe motivant et dynamique<\/strong> pour les femmes qui souhaitent <strong data-start=\"1659\" data-end=\"1714\">lib\u00e9rer leurs kilos en trop sans pression ni r\u00e9gime<\/strong>.<br data-start=\"1715\" data-end=\"1718\" \/>Dans ce groupe, vous :<\/p>\n<ul data-start=\"1743\" data-end=\"1939\">\n<li data-start=\"1743\" data-end=\"1785\">\n<p data-start=\"1745\" data-end=\"1785\"><strong data-start=\"1745\" data-end=\"1783\">D\u00e9posez vos freins et vos blocages<\/strong><\/p>\n<\/li>\n<li data-start=\"1786\" data-end=\"1816\">\n<p data-start=\"1788\" data-end=\"1816\"><strong data-start=\"1788\" data-end=\"1814\">Partagez vos victoires<\/strong><\/p>\n<\/li>\n<li data-start=\"1817\" data-end=\"1850\">\n<p data-start=\"1819\" data-end=\"1850\"><strong data-start=\"1819\" data-end=\"1835\">Vous motivez<\/strong> mutuellement<\/p>\n<\/li>\n<li data-start=\"1817\" data-end=\"1850\">\n<p data-start=\"1819\" data-end=\"1850\"><span style=\"background-color: transparent;\">Relevez <\/span><strong style=\"background-color: transparent;\" data-start=\"1861\" data-end=\"1884\">d\u00e9fis et challenges<\/strong><span style=\"background-color: transparent;\"> propos\u00e9s pour avancer avec constance et enthousiasme<\/span><\/p>\n<\/li>\n<\/ul>\n<p>\u00a0<\/p>\n<p data-start=\"1941\" data-end=\"2056\">C\u2019est un espace o\u00f9 chaque femme devient <strong data-start=\"1981\" data-end=\"2009\">actrice de son bien-\u00eatre<\/strong>, soutenue par la communaut\u00e9 et guid\u00e9e par moi.<\/p>\t\t\t\t\t\t\t\t<\/div>\n\t\t\t\t<div class=\"elementor-element elementor-element-e725e85 elementor-invisible elementor-widget elementor-widget-heading\" data-id=\"e725e85\" data-element_type=\"widget\" data-e-type=\"widget\" data-settings=\"{&quot;_animation&quot;:&quot;fadeInUp&quot;}\" data-widget_type=\"heading.default\">\n\t\t\t\t\t<span class=\"elementor-heading-title elementor-size-default\">#motivation<\/span>\t\t\t\t<\/div>\n\t\t\t\t\t<\/div>\n\t\t\t\t<\/div>\n\t\t\t\t<\/div>\n\t\t","protected":false},"excerpt":{"rendered":"<p>Les Groupes nutri&rsquo;brille Chez Nutri\u2019Brille, nous croyons que le mieux-\u00eatre se vit aussi en communaut\u00e9.Nos groupes offrent un espace bienveillant pour lib\u00e9rer, partager, c\u00e9l\u00e9brer et avancer ensemble, loin des r\u00e9gimes et de la culpabilit\u00e9.D\u00e9couvrez nos deux espaces d\u00e9di\u00e9s aux femmes : Le Poids des Mots et Les Brillantes. nutri&rsquo;brille Le poids des mots : lib\u00e9rer [&hellip;]<\/p>\n","protected":false},"author":1,"featured_media":80,"parent":0,"menu_order":0,"comment_status":"closed","ping_status":"closed","template":"elementor_header_footer","meta":{"footnotes":""},"folder":[],"class_list":["post-69","page","type-page","status-publish","has-post-thumbnail","hentry"],"_links":{"self":[{"href":"https:\/\/nutribrille.fr\/index.php?rest_route=\/wp\/v2\/pages\/69","targetHints":{"allow":["GET"]}}],"collection":[{"href":"https:\/\/nutribrille.fr\/index.php?rest_route=\/wp\/v2\/pages"}],"about":[{"href":"https:\/\/nutribrille.fr\/index.php?rest_route=\/wp\/v2\/types\/page"}],"author":[{"embeddable":true,"href":"https:\/\/nutribrille.fr\/index.php?rest_route=\/wp\/v2\/users\/1"}],"replies":[{"embeddable":true,"href":"https:\/\/nutribrille.fr\/index.php?rest_route=%2Fwp%2Fv2%2Fcomments&post=69"}],"version-history":[{"count":27,"href":"https:\/\/nutribrille.fr\/index.php?rest_route=\/wp\/v2\/pages\/69\/revisions"}],"predecessor-version":[{"id":285,"href":"https:\/\/nutribrille.fr\/index.php?rest_route=\/wp\/v2\/pages\/69\/revisions\/285"}],"wp:featuredmedia":[{"embeddable":true,"href":"https:\/\/nutribrille.fr\/index.php?rest_route=\/wp\/v2\/media\/80"}],"wp:attachment":[{"href":"https:\/\/nutribrille.fr\/index.php?rest_route=%2Fwp%2Fv2%2Fmedia&parent=69"}],"wp:term":[{"taxonomy":"folder","embeddable":true,"href":"https:\/\/nutribrille.fr\/index.php?rest_route=%2Fwp%2Fv2%2Ffolder&post=69"}],"curies":[{"name":"wp","href":"https:\/\/api.w.org\/{rel}","templated":true}]}}